2 + 2*i + 15. Let r = -20 + 33. Does 23 divide g(r)?
False
Suppose 0*y - 3*y + 2*a = -2, -5*y + 2*a + 6 = 0. Suppose -11 = -y*r - 3. Suppose 0*v = -r*v + 92. Is 10 a factor of v?
False
Let o = 5 - -13. Let c = o + -8. Suppose t - c = 14. Does 9 divide t?
False
Let k = 9 + -10. Let o(q) = -54*q + 1. Is o(k) a multiple of 25?
False
Let n be -8 - (1 + -4*1). Does 8 divide 2/n*4*-10?
True
Suppose -3*n + 33 = -3*f, 8*f + 3*n + 37 = 4*f. Let l = -6 - f. Suppose -l*s + 5*d + 94 = 0, 3*s + d - 132 = -2*s. Is s a multiple of 10?
False
Let c(n) = 62*n. Let z be c(-1). Is 3/(-2 + z/(-28)) a multiple of 6?
False
Let o be (-52)/10 - (-1)/5. Let r(w) = -w**2 - 2*w. Let s be r(-4). Let i = o - s. Is 3 a factor of i?
True
Let a(g) = g**2 - 3*g - 2. Let k be a(3). Let d(q) = q**3 + 4*q**2 + 3*q + 1. Let l be d(k). Is -5*(l/(-3) + -5) a multiple of 10?
True
Let y be 72 + 0/(-4)*1. Suppose 0 = -4*z + 4*j + 128 + y, 262 = 5*z + j. Is z a multiple of 13?
True
Let t = 0 - -14. Does 7 divide t?
True
Let h(d) = -79*d**3 + d**2 - d - 1. Is h(-1) a multiple of 16?
True
Let f(v) be the third derivative of -3/8*v**4 - 5/6*v**3 - v**2 - 1/12*v**5 + 0 + 0*v + 1/120*v**6. Is 15 a factor of f(7)?
True
Let d(f) = -f**3 - 9*f**2 - 9*f - 10. Let b be d(-7). Let p = b - -82. Is p a multiple of 18?
False
Suppose -3*d = -d - 5*b + 80, d = -3*b - 40. Is (-42)/(-5) + (-24)/d a multiple of 6?
False
Let w be (-1 + -8)*(-5 - -4). Does 21 divide 484/w + 2/9?
False
Suppose -20*l = -16*l - 32. Is l even?
True
Let g(h) = 6*h**2 - 6*h - 6. Is g(-3) a multiple of 10?
False
Suppose 3*h = m + 410, 5*h = -4*m + 619 + 70. Is h a multiple of 25?
False
Let t(x) = 57*x**2 - 2*x + 1. Is 14 a factor of t(1)?
True
Does 6 divide 12 - 2 - (-3 + 1)?
True
Suppose -3*w - 2*w = -20. Suppose -w*s + 98 = -2*s. Does 13 divide s?
False
Suppose r - 6 + 1 = 0. Is r a multiple of 2?
False
Is (12/(-5))/(3 - 17/5) a multiple of 2?
True
Suppose -3*l + 22 + 8 = 0. Let o = -1 + l. Is o a multiple of 2?
False
Let t(y) = 6*y + 9. Is 11 a factor of t(4)?
True
Let o = -81 + 177. Is 21 a factor of o?
False
Let h = 0 - -4. Suppose -2*q + 3*q - 5*v - 1 = 0, 0 = -h*v + 12. Let j = q + -3. Is 6 a factor of j?
False
Let h = 268 + 79. Suppose z = 5*t - h, -5*t - 2*z + 344 = -4*z. Suppose 2*d = -3*d + t. Does 14 divide d?
True
Let m be 0 + 1 + 271/1. Suppose u = -3*u + m. Does 12 divide u?
False
Suppose 4*f + x - 56 = -4*x, x + 23 = f. Is 10 a factor of 4 + -1 + (f - -4)?
False
Let s(m) = -5*m**2 - m - 2. Let b be s(-1). Let g = 70 + b. Is g a multiple of 21?
False
Suppose 4*c - 98 = 38. Is 7 a factor of c?
False
Suppose -15 = 3*o - 3*l, 0 = -4*o - 0*l - l - 15. Does 8 divide (2 + -2 - o)*4?
True
Let w(a) = a**2 - 5*a + 2. Let x be w(5). Suppose 3*l - 57 = c - 4*c, 0 = 3*l + x*c - 54. Let f = l + -5. Is 5 a factor of f?
False
Let p(i) = i**3 + 8*i**2 + 6. Let j be p(-8). Suppose -j*d - 545 = -d. Let f = -75 - d. Is f a multiple of 13?
False
Let f(b) = b**3 - 3*b**2 + 2*b - 3. Does 16 divide f(4)?
False
Suppose 2*c = 3*h + c - 17, -2*c = 4. Let s(g) = 13*g - 9. Let d be s(7). Suppose -h*t + d = -3*t. Is t a multiple of 15?
False
Suppose -8*b - 5*z = -11*b + 507, -2*b - 3*z + 357 = 0. Is 14 a factor of b?
False
Is 30 a factor of (-4 + 5)/(2*(-4)/(-2776))?
False
Let b(x) = 4*x**3 - 6*x**2 + 7*x - 11. Let y(u) = u**3 + u - 1. Let j(l) = b(l) - 5*y(l). Does 8 divide j(-7)?
False
Let f = -10 + 14. Suppose -1 = 3*m - f. Does 4 divide m/(-3) + (-76)/(-12)?
False
Let n(m) = 4*m**3 + 5 - 3*m**3 + 4*m - 2 + 5*m**2. Let l be n(-4). Suppose 4*x = 5*t - 189, -l*x = 3*t - 7*x - 107. Is t a multiple of 18?
False
Let k(m) = 3*m**2 - m - 7. Let q be k(6). Suppose -p = -6*p - 5*x + q, -2*p + x = -41. Does 7 divide p?
False
Let x = -8 + 8. Suppose -4*w + n - 11 = x, 16 = w - 6*w - n. Is 51/(((-27)/6)/w) a multiple of 12?
False
Let i(k) = -151*k + 1. Let x be i(-1). Suppose x - 22 = -5*j. Does 18 divide (j/5)/((-1)/10)?
False
Let a(u) be the first derivative of -2*u + 1/4*u**4 + 3*u**2 + 2 - 5/3*u**3. Does 14 divide a(5)?
True
Let c = 1 - 0. Let y(i) be the third derivative of i**6/20 + i**4/24 - i**3/6 + i**2. Is 5 a factor of y(c)?
False
Let y be 9/(-3) - (-2 - 5). Suppose -w - y*w + 115 = 0. Does 7 divide w?
False
Suppose 7*k - 10 = 2*k + 4*o, -5*o - 10 = -5*k. Let z be (-1*k)/(-2)*-13. Does 4 divide (-5)/(-10) - z/2?
False
Let d be 2 + 4/1 - -2. Let y be d/12*12/2. Suppose 8 = 2*h - 2, 72 = 4*v - y*h. Is v a multiple of 9?
False
Let j = 1 - 1. Suppose 0*p - p + 11 = j. Does 5 divide p?
False
Let f(o) = 3*o - 2*o - 4*o + 7*o**2 + 1 + 4*o. Does 4 divide f(-1)?
False
Let j = 23 + -20. Suppose j*f + 275 = 8*f. Does 10 divide f?
False
Suppose 0 = -0*w - 4*w. Suppose 4*q - 23 - 65 = w. Does 12 divide q?
False
Let d be (20/(-30))/(2/(-3)). Let y(r) = 35*r**3 + r. Is 18 a factor of y(d)?
True
Suppose 0 = -5*j + 5 + 5. Suppose 2*y = -4*i + 12, -2*i + 2*y + 20 = j*i. Is i a multiple of 3?
False
Let u = 143 - -57. Is 25 a factor of 3*3*u/24?
True
Let d(w) = -w - 5. Let k(b) = b + 5. Let r(x) = 7*d(x) + 6*k(x). Let c be r(4). Is 23/3 - 3/c a multiple of 8?
True
Let p be (1 + 9)*(-4)/(-10). Let t(z) = 10*z**2 - 14 - 7*z - z**3 - p*z**2 + 5*z**2. Does 15 divide t(10)?
False
Let c(f) = -f - f**2 - 8 + 8*f - f**2 + f**2. Let z be c(6). Let j = 7 + z. Is j a multiple of 5?
True
Suppose -4*f + 2 = -30. Is 4 a factor of f?
True
Let r(u) = 2*u - 17. Let t(f) = f - 8. Let y(m) = 3*r(m) - 7*t(m). Let a = -10 - -3. Is y(a) a multiple of 11?
False
Let l(m) = -m**2 + m + 1. Let y(c) = 2*c**2 + 3*c - 7. Let n(q) = -4*l(q) - y(q). Let v(s) = -4*s + 1. Let r be v(-1). Is 9 a factor of n(r)?
True
Let r = 10 - 18. Let m be 33/4 - (-2)/r. Suppose -5*y + 43 = 4*x, -5*y - m = -0*x + x. Does 17 divide x?
True
Suppose 0 = -2*c + 5 + 5. Does 20 divide c/((-5)/2) + 22?
True
Suppose 4*w - 7 = 97. Is 26 a factor of w?
True
Suppose -2*g = -6*g + l + 261, 0 = 4*l + 20. Suppose 4*c + 4*v = g, v + 5 = 2*v. Is 11 a factor of c?
True
Suppose -2*a + 2*c + 30 = 0, -4*a - 3*c + 60 = -7. Is a a multiple of 12?
False
Suppose a = 2*a. Suppose -2*v - 7 = 1, h + 3*v + 7 = a. Suppose 1 = -3*g + h*i - 6, -4*i + 50 = 5*g. Does 5 divide g?
False
Suppose 32 = 2*t + 2*t. Let i = t + -3. Suppose 42 = 2*u + i*v, -v + 0*v = 0. Is 13 a factor of u?
False
Let q(b) = 3 - 3*b**2 - 3*b + 0*b**2 + 2*b**3 + b**2. Let l be q(2). Let u = -1 + l. Does 2 divide u?
True
Suppose -1233 = -4*w - 153. Is 18 a factor of w?
True
Let x = 3 - 2. Let r be 2*(x - 2) + 0. Let k(s) = 4*s**2 + 2*s + 2. Is 7 a factor of k(r)?
True
Let i(b) = -6 - 6*b + 0*b - 13 - 3. Is 17 a factor of i(-15)?
True
Let f(h) = h**2 + 3*h + 1. Let k(i) = -i**2. Let j(s) = -s**2 - s - 4. Let n(p) = j(p) - 2*k(p). Let c be n(0). Is f(c) a multiple of 5?
True
Let k = 24 - 17. Suppose -12*c = -k*c - 15. Is c even?
False
Let o = -15 + 11. Let h = 8 + o. Does 4 divide h?
True
Let w = -3 + 65. Does 12 divide w?
False
Let z = 40 + -67. Is 15 a factor of 10/(1 - (-21)/z)?
True
Suppose 2*j = -6, 5*o + 3*j - 171 = -0*j. Does 4 divide o?
True
Suppose 8 = 4*s - 5*b, s + 5*b - 8 = -31. Let o(n) = -n**3 - 2*n**2 + 2*n - 1. Let d be o(s). Suppose 16 = 4*h - d*h. Does 4 divide h?
True
Let n(v) = -3*v**2 + 4*v - 2. Let q be n(2). Let b = q - -6. Suppose b = -4*d + 93 + 35. Does 16 divide d?
True
Suppose -4*l - 52 = 4*c, -3*l + 3*c = 20 + 19. Let r = 22 + l. Suppose r*b - 4*b - 30 = -5*p, 0 = -b + 3*p - 2. Is b a multiple of 2?
True
Suppose 0 = -4*q - q + 2*l + 5, 0 = -3*q - 2*l + 19. Suppose 4*g + 5 = -q. Is 9 a factor of g/1 + (-88)/(-4)?
False
Suppose o + 0*q - 2*q = 7, o - 4*q = 5. Suppose 4 = -7*c + o*c. Does 2 divide c?
True
Let s(l) = 5*l + 6. Let o(u) = 3*u**2 + 4*u + 3. Let d be o(-2). Let w be s(d). Is (-3 - -2) + w + 0 a multiple of 16?
False
Suppose 2*p = p - 3*a + 18, -112 = -4*p - 2*a. Is 3 a factor of p?
True
Let z(p) = 4*p**3 + p**2. Is 10 a factor of z(2)?
False
Suppose 5*a + 10 = 0, -4*b - 2*a + 84 = -0. Is b a multiple of 11?
True
Let o be (-1)/(-2)*0/(-1). Suppose o = -4*u + 4*f + 104, 4*u - 6*f - 106 = -4*f. Is 16 a factor of u?
False
Suppose -l + 24 = -66. Does 15 divide l?
True
Let n(i) = -i**2 - 8*i - 8. Let y be n(-6). Suppose -y*v + 145 + 7 = 0. Is 12 a factor of v?
False
Suppose 5*w - 40 = 2*n - 137, -2*n - 3*w + 105 = 0. Does 17 divide n?
T